osite?
False
Suppose 0 = -3*t + 8*t - 2705. Is t composite?
False
Suppose 2*y + x - 14 = 14, -4*y + 2*x + 72 = 0. Let g = y - -3. Is g a prime number?
True
Let a(r) = r**3 - 10*r**2 + 3*r + 9. Let j be a(8). Let g be (2 - j) + (0 - -2). Suppose -5*s + 364 = g. Is s a composite number?
False
Suppose -2*r - 3*l - 2 = 0, 2*l - 18 = 4*r + l. Let u(w) = w**3 - 5 + 4*w**2 + 3 - w + 5. Is u(r) composite?
False
Suppose j - r + 4 = -2*j, -r = 2*j - 4. Suppose 5*i - 2*t = i + 576, j = 2*t + 4. Is i prime?
False
Suppose -4*x + 36 = -4*v, -3*v + 4*x = 31 - 1. Let l = 73 + v. Is l prime?
True
Suppose -4*o + 0*o - 4 = 0. Is 465/6 + o/2 composite?
True
Let s(b) = b + 3. Let i be s(-5). Let t be (-294)/(-10) - i/(-5). Let k = -15 + t. Is k a composite number?
True
Suppose 0 = -3*v + 2 + 4. Suppose 0 = -0*l + v*l - 158. Is l prime?
True
Suppose -4*q + 227 = 4*s + s, 3*q = 3*s - 147. Is s prime?
True
Let v be ((-2)/(-6))/((-2)/(-30)). Let n be 18/v + 4/10. Suppose -5*s + 126 = -n. Is s prime?
False
Suppose -2*w + 42 + 42 = 0. Suppose 7*g - 4*g - w = 0. Is g prime?
False
Let h be 223*1*(-4 - -5). Suppose h = 3*c - 59. Suppose -c = -d - d. Is d a composite number?
False
Let t(w) = -34*w + 2. Suppose 0*v = 2*p + 4*v + 16, p - 3*v = 17. Let q be t(p). Let g = q - -92. Is g a composite number?
True
Suppose 2*c + 6928 = 2*s + 2*s, -10 = -5*c. Is s prime?
True
Let j = 1111 - -94. Let p be j/3 - (-1)/3. Suppose 2*c - x - 264 = x, -3*c - 3*x + p = 0. Is c prime?
False
Let a = -198 - -385. Is a a composite number?
True
Let d(l) = l + 10. Let p be d(-12). Let i(a) = 119*a**2 + 3. Is i(p) a composite number?
False
Is 2508/28 + 8/(-14) composite?
False
Let c be (7/14)/(2/(-24)). Is (-44)/c + (-3)/9 prime?
True
Suppose 3*u + 193 - 753 = r, -4*r - 945 = -5*u. Is u composite?
True
Suppose -r + 67 = 23. Let g be 4/(-22) + 52/r. Suppose -g = -3*x + 32. Is x composite?
False
Let u = 13 - 6. Is u a prime number?
True
Suppose 20 = -5*v, 3*i + 5*v + 5 = 3. Let l be (i/(-2))/(-1 - 0). Suppose -l*z + 0*z = -105. Is z prime?
False
Let a = 23 - 7. Suppose 2*o = -i - i + 4, -4*i = -2*o + a. Is 218 + (2 - o) + -1 composite?
True
Let y = 68 - 35. Suppose -4*v + i + 26 = 3*i, -5*v + y = 3*i. Is v composite?
True
Suppose 2*r - 3*r + 5 = 0. Suppose -r*l - 184 = -q, 4*l = 3*q - 307 - 278. Is q prime?
True
Let f be (2 - (-10)/(-4))*8. Let r = 7 + f. Suppose r*i - 172 - 191 = 0. Is i composite?
True
Let y(i) = -i**3 + 24*i**2 + 19*i - 1. Is y(20) a prime number?
True
Suppose 2*d - 886 = -0*d. Is d prime?
True
Suppose -b + 7 + 3 = 0. Let m(h) = -b*h - h - 13*h - 2 + 5*h. Is m(-3) prime?
False
Let f(i) = 4*i + 9 + 3*i**3 - 4 - 2*i**3 + 0*i. Is f(4) prime?
False
Let l = -5651 - -10716. Is l prime?
False
Let l(q) = -7*q**2 + 7*q - 1. Let f(c) = -7*c**2 + 7*c - 2. Let a(g) = -4*f(g) + 3*l(g). Is a(4) a prime number?
True
Let c = 8 - 22. Let m = c + 28. Is m a composite number?
True
Is (-2)/6*6/(-8)*4436 composite?
False
Let p = 13 + -14. Is 51 + -8 - (1 + p) a composite number?
False
Suppose -s + 202 = -91. Is s prime?
True
Let r = -57 + 96. Is r a prime number?
False
Let h(d) = 816*d**2 + 5*d - 3. Is h(-2) prime?
True
Is 1 + 1 + 1366 + 0 + -1 composite?
False
Suppose -3*b - 2 = -4*v + 1, -3*v + 3*b + 3 = 0. Let r(y) = 5*y + 0*y - y + v*y - 2. Is r(4) composite?
True
Let n be 3 - -3 - (2 - 1). Suppose n*s + 1 = 11. Suppose s*g + 68 = 4*g. Is g prime?
False
Suppose 2*w - 162 = -3*u, 3*u - 243 = -3*w - 2*u. Let l = w - 23. Is l composite?
True
Suppose k + 3 = 6. Suppose -392 + 113 = -k*c. Suppose 5*s - 2*s - c = 0. Is s a prime number?
True
Suppose -13 = -3*a + 776. Is a prime?
True
Let p be (-190)/(-45) - (-4)/(-18). Suppose 4*c - 4*h - 304 = -0*h, 81 = c + p*h. Is c a composite number?
True
Let s = 12 - 4. Is 2/s*-2*-190 a prime number?
False
Suppose -9128 = 2*y + 2*y. Is y/(-18) - (-34)/153 a composite number?
False
Let f(y) = -2*y - 4. Let q be f(-3). Suppose -265 = -q*b + 3*t, 0 = 2*b + b + 3*t - 390. Is b composite?
False
Suppose -1294 = -2*t - 204. Is t prime?
False
Suppose 0 = -3*r - 3*p + 2202, -6*p - 3700 = -5*r - p. Is r a prime number?
False
Let k(g) = -g**3 + 12*g**2 - 2*g - 2. Suppose -5*t - 2*i = -0*i - 45, -t = -2*i - 21. Is k(t) a prime number?
True
Let t(h) = -17*h**3 - h**2 - 3. Let k be t(-3). Let g = -298 + k. Is g composite?
False
Let p(f) = 4*f + 7. Suppose 4*h + 3 = -3*l, 3*l + 3 = 5*h - 3*h. Suppose -g + 2*i - 3*i + 8 = h, -2*g + 9 = -5*i. Is p(g) composite?
True
Suppose -i = i - 12. Suppose 2*b + 5*y - 3090 = 0, i*b - 2*b + y = 6180. Is (-2)/(-11) + b/33 composite?
False
Let n be (-354)/18*1*-45. Suppose 8*g - 5*g = n. Is g a prime number?
False
Let u be 13 - (-2 - -1 - 1). Let n be (-2)/u*3*-205. Is (-3 + n)*(1 - 0) a prime number?
True
Let h(f) = 8*f - 1 - 3*f - 6*f - f + 84*f**2. Suppose 5 = w - 6*w. Is h(w) a composite number?
True
Is 4 - -114 - 9/3 prime?
False
Let d = 3 - 6. Let h be 0 - 4*(d - -2). Suppose 16 = -h*z + 364. Is z composite?
True
Suppose -2*a + 4 = 0, -m + 0*a = 5*a - 23. Suppose -35 = -h - m. Is h a prime number?
False
Let f = -734 + 1367. Is f prime?
False
Suppose 2*u - 1458 = 2216. Is u a composite number?
True
Let h = 63 + -42. Let l = 66 + h. Is l composite?
True
Let h = -156 - -311. Suppose -4*p = -p - 288. Let k = h - p. Is k a composite number?
False
Let s(a) = a**3 - a**2 + a + 4. Let f be s(0). Is (7/f)/((-1)/(-4)) composite?
False
Let b(c) = 2*c**2 - 4*c**2 + 3 + 2*c + 2*c + c**2. Let z be b(4). Suppose -4*i + 2*f - 29 = -5*i, z*i = 2*f + 71. Is i composite?
True
Let l(n) = n**2 - 2*n + 23. Is l(6) prime?
True
Is (1/((-4)/1528))/(-2) a composite number?
False
Let w = -3 - -7. Suppose w*k = 5 + 7. Is k composite?
False
Let m = 28 - -82. Suppose 0 = -2*r + 7*r - m. Is r a composite number?
True
Let h = 4 - -2. Suppose -8*x + h*x = -446. Is x prime?
True
Let k(h) = 6*h + h - 6*h. Let y be k(3). Suppose -10 + 77 = 2*q - a, -y*q = 3*a - 114. Is q composite?
True
Suppose -1342 = -2*p + 1576. Is p a composite number?
False
Suppose o + 4*o - 658 = -s, s = 5*o + 608. Is s prime?
False
Let l be ((-4)/(-5))/((-5)/(-25)). Suppose l*o + 16 = -4. Let r(i) = -i**3 - 3*i**2 + 7*i + 6. Is r(o) prime?
False
Let p = 7 - -17. Let k(w) = 16*w + p*w + 1 + 4*w + 37*w. Is k(1) prime?
False
Let b be -6 + (-1)/2*2. Let h(c) be the second derivative of -c**5/20 - 7*c**4/12 + 5*c**2 - c. Is h(b) a composite number?
True
Let h(m) = -m**3 + 5*m**2 - m + 4. Let k be h(5). Suppose 5*s - 176 = -a, 164 = 5*s + 3*a + a. Is s + (1 - (-1 - k)) prime?
True
Let g be ((-4)/(-2))/((-2)/118). Let q = 177 + g. Is q prime?
True
Suppose -3*a = -5*a + 6, -3*b = 3*a - 2382. Is b composite?
True
Let a = 29 + -14. Suppose -n = -4 - a. Is n a prime number?
True
Suppose 3*k - 10 = k. Suppose -k*p = -3*u + 66, -p = -4*u + p + 88. Is u composite?
True
Let p(q) = 4*q**3 + 1. Let n be p(-1). Let c(f) = -52 - 4*f + 109 + 5*f**2 - 59. Is c(n) a prime number?
False
Let n(i) = -i + 1. Let a(h) = -3*h. Let s(l) = a(l) + n(l). Let q = 6 - 14. Is s(q) prime?
False
Let f = -8 - -12. Suppose -5*m = -f*m - 1. Is (m - -10 - 0)*1 composite?
False
Suppose m + 2*f = 11, 4*m - 16 = -0*m - f. Suppose -4*r = -5*t - 2*r + 425, -r - 256 = -m*t. Is t composite?
True
Is ((-7210)/(-25))/(8/20) a prime number?
False
Let z be (-1)/(-1) + (-4)/4. Suppose z*r = -2*r + 4. Suppose -r*t + 59 = 5*y, 2*t - 14 - 1 = -y. Is y a prime number?
True
Let r(t) = -t**2 + 9*t - 3. Let k be r(7). Let g(p) = 3*p + 13. Let n be g(k). Suppose -2*b + 120 = n. Is b composite?
False
Let z = -1178 - -2405. Is z a composite number?
True
Let u(s) = -s + 8. Let i be u(5). Suppose d + i*d - 320 = 0. Suppose 0 = -2*r + r - 5, -3*r = -f + d. Is f a prime number?
False
Let h(v) = 2*v**2 - 9*v - 10. Let d be h(-6). Suppose -4*y + 2*a + 529 = 3*a, y = 3*a + d. Is y a prime number?
True
Suppose 0 = 5*u - 78 - 112. Suppose 3*i - 473 + u = 0. Is i a composite number?
True
Suppose -194 = -l + 5*n + 143, -4*l - 3*n + 1256 = 0. Is l prime?
True
Suppose -o = -233 - 6. Is o a prime number?
True
Let u be -3 - ((0 - -1) + -13). Let s = u - 33. Let l = 57 + s. Is l composite?
True
Suppose 3*y - 1334 = 823. Suppose 2*m + 5*p - 282 = p, 3*p = -5*m + y. Is m a prime number?
False
Let c = -2 - -6. Suppose 0*x + 5*x = 5*r - 10, -c*x - 10 = -2*r. Is (0 - r)*62/2 a co